ppose 5*o + 0*o = -10, 3490 = 5*g + 5*o. Suppose 10*m - 5*m - g = 0. Suppose 4*k = 2*y - m, 3*k + 62 = 4*y - 193. List the prime factors of y.
2, 3, 5
Suppose 70 = p - 5*q, -4*p - 147 = 3*q - 427. What are the prime factors of (-1)/5 - (-3934)/p?
2, 7
List the prime factors of 9/((-90)/(-23572)) - (-4)/5.
2, 3, 131
Let r(c) = 1 - c**2 - 9*c + 2 + 20. What are the prime factors of r(-8)?
31
Let h(t) = 151*t**2 - 16*t + 27. List the prime factors of h(2).
599
Let s be -6*(1/2 + -3). Let q be (-139)/3 + 5/s. Let d = q - -69. List the prime factors of d.
23
Suppose 5*h + 3202 = c, 3*c - h = 9731 - 97. What are the prime factors of c?
2, 11, 73
Let i = 0 - -32. Let u be -4 + 5 + (-7)/1. Let d = u + i. What are the prime factors of d?
2, 13
Let s(z) be the third derivative of -z**5/60 - 5*z**4/12 + 7*z**3/6 - 3*z**2. Let k be s(-11). What are the prime factors of (-86)/k + 7/(-14)?
3, 7
Suppose -p - 1 = 0, 4*p + 27 + 3853 = 3*g. List the prime factors of g.
2, 17, 19
Let j be 1*2289/(-9)*-3. Suppose 3*s - o - j = o, 0 = 4*s - 4*o - 1016. List the prime factors of s.
3, 5, 17
Let c(n) = -n**2 + 3*n + 3. Let j be c(4). What are the prime factors of 24 - j/((-3)/(-12))?
2, 7
Let p be -1*(4 - (3 - -286)). Suppose -30 = -5*v + p. List the prime factors of v.
3, 7
Let c(n) = -799*n + 2. What are the prime factors of c(-1)?
3, 89
Suppose x - 22 = -19. What are the prime factors of 2 - (-57)/x - -2?
23
Let p(c) = c**3 + 8*c**2 + 7*c + 5. Let j be 2/(-7) - 312/84. Let v = j - 1. What are the prime factors of p(v)?
3, 5
Let n be 3 + (-5 - -3 - -15). Let g = 52 - n. What are the prime factors of g?
2, 3
Let v(n) = 11*n**2 - 2*n. Suppose 10*f = 3*f + 14. What are the prime factors of v(f)?
2, 5
Let t be 15/25 - (-111)/15. Let x = t + -2. List the prime factors of x/(-6) + 24*1.
23
Suppose -5*q - 33*q = -14402. List the prime factors of q.
379
Suppose -7*b + 424 = -80. List the prime factors of b.
2, 3
Let g(l) = 92*l**2 - l - 2. What are the prime factors of g(4)?
2, 733
Suppose a + 0*r = r - 2, -3*a = -5*r + 14. Suppose 9 = -a*f + 5*f. Suppose f*k = -5 + 38. List the prime factors of k.
11
Let x(t) be the first derivative of -2*t**2 - 4 + 5/3*t**3 + 2*t. What are the prime factors of x(2)?
2, 7
Suppose -d + 1358 = d + 4*z, 3*d - 5*z = 2026. What are the prime factors of d?
677
Let q be 6/5*(-30)/12. Let n be 1 + (-6 - q) + 4. Suppose 0 = -2*b + t + 6, n*b - 2 + 6 = -4*t. What are the prime factors of b?
2
Suppose -j + 66 = c, 2*j - 3*c + 259 = 6*j. Let a = j - 11. What are the prime factors of a?
2, 5
What are the prime factors of (-53 + 209)*(11 + 2)?
2, 3, 13
Let v(y) = 6*y**2 - 12*y - 42. List the prime factors of v(-27).
2, 3, 97
List the prime factors of (-2720)/(-12)*30/20.
2, 5, 17
Let a be 1 - (3 - (-16 + 2)). Let j = 22 + a. Suppose 0*m + m - j = 0. What are the prime factors of m?
2, 3
Let n = -8 + 9. Let o = 3 - -6. Let q = o - n. List the prime factors of q.
2
Suppose -5*z = 3*i + 7, 4*i - 2*z = 2*z + 12. Let w be (-5)/(-3 + i + 1). Suppose -3*u - 5*q = -58, -2*u = -w*q - 0 + 3. List the prime factors of u.
11
Let l = 5 - 4. Let z be l/(-5) - 5/(-25). Suppose -c - 3*c + 12 = z. What are the prime factors of c?
3
Let x(u) = -u**3 + 17*u**2 + 4*u - 16. Let v be x(17). Let m = -10 + v. List the prime factors of m.
2, 3, 7
Suppose -44*c + 48*c - 1140 = 0. List the prime factors of c.
3, 5, 19
Let c be (-14)/(-21) - (-49)/3. Let m = c - 14. Suppose 0 = -2*j - 2*o + 5*o + 59, 0 = -m*j + 4*o + 86. What are the prime factors of j?
2, 11
Let t be 39/5 - 1/(-5). Let d = -8 + t. Let z = 7 + d. List the prime factors of z.
7
Suppose 5*j - 2*c = 1181, -25*c + 21*c = j - 223. List the prime factors of j.
5, 47
Let c(p) = 30*p**2 - 135*p + 2. List the prime factors of c(-7).
2417
Suppose 5*j = 18*j - 26. Suppose j*w = r - 100, -3*r = 7*w - 2*w - 355. List the prime factors of r.
2, 5, 11
Suppose 0 = 5*m - 0*i + 2*i - 115, -120 = -5*m - 3*i. Let z = 29 - m. Let p(a) = a**3 - 7*a**2 - a + 11. What are the prime factors of p(z)?
67
What are the prime factors of (-6)/(705/(-140) + 5)?
2, 3, 7
Let c(r) = 2*r**3 - 2*r**2 + 2*r. Let a be 24/10 + (-6)/15. Let v be c(a). Suppose -k + 7 = -v. List the prime factors of k.
19
Let v be ((-8)/32)/(1/(-20)). Suppose -n + 4*j + 27 = 0, -2*n + n + v*j + 24 = 0. List the prime factors of n.
3, 13
Let t = -2039 + 3617. Suppose 2*l = 8*l - t. What are the prime factors of l?
263
Let r be (-6)/(-4)*(-8)/(-12). Let n be (-1 - r - -18) + -1. Suppose n = 2*t - 15. What are the prime factors of t?
3, 5
Let u = -542 - -248. What are the prime factors of (-2 - -13 - -1)*u/(-28)?
2, 3, 7
Let j(c) = 6*c - c**3 - 14 - c**3 - 6*c**2 + c**3. Suppose -5 = -2*w + 1, 28 = -2*g + 4*w. List the prime factors of j(g).
2, 3, 11
Let n = 246 + 501. What are the prime factors of n?
3, 83
Let g be (-9)/6*(-32)/6 - -2. Let p = g - 6. List the prime factors of p.
2
Suppose 4*a - 3*a - b - 46 = 0, 5*b + 5 = 0. Suppose -4*s - a = -i, -3*i - 5*s + 48 = -19. Let r = 21 + i. What are the prime factors of r?
2, 5
Let l be 10/(-4)*32/(-40). Suppose l*d - 63 = 71. What are the prime factors of d?
67
Let w be (-2)/8 - (-38)/(-8). Let m(s) = 2*s**2 + 2*s + 5. Let h(x) = -2*x**2 - 2*x - 6. Let k(i) = -7*h(i) - 6*m(i). List the prime factors of k(w).
2, 13
Suppose 4*c - 3*p = -0*p + 23, 5*p + 19 = -3*c. Suppose 6*b - c*b - 268 = 0. What are the prime factors of b?
67
Suppose 2*x - 2*u + 3304 = 5*x, -2*x + 2*u = -2196. Suppose -x = -5*n - 5*i, 4*n = -i - i + 874. List the prime factors of n.
7, 31
Suppose p + 0*h - 2*h = 45, -54 = -p + 5*h. What are the prime factors of p?
3, 13
Suppose -4*x = 2*z - 362, -6*x + 3*x - 5*z = -268. List the prime factors of x.
7, 13
Let d be 41/3 + (-3)/(-9). Let i = d + 123. List the prime factors of i.
137
Let w(i) = 6*i + 23. What are the prime factors of w(1)?
29
Suppose -11*k = k - 1020. Suppose 4*v - k = 39. What are the prime factors of v?
31
Let m = -70 - -62. List the prime factors of (m/5)/(2/(-50)).
2, 5
What are the prime factors of (-24)/8 - 57*-30?
3, 569
Suppose 0*k = -k + 114. Let u = 164 - k. What are the prime factors of u?
2, 5
Let q be 321/(-8) - 17/(-136). Let c be 381*(q/(-12) - 3). Let p = c + -48. List the prime factors of p.
79
Let r = 40 + -38. List the prime factors of (-6)/(-2) - -15 - r.
2
Let p(u) = -13*u - 11. Let r be p(-2). Suppose r = v - 48. What are the prime factors of v?
3, 7
Let r = -8114 - -12460. What are the prime factors of r?
2, 41, 53
Suppose p + 5*q = 6*q, -5*p = 3*q - 24. Suppose -p*j = -2*n + 6*n - 583, n = 4*j + 122. What are the prime factors of n?
2, 71
Let w be (-272)/(-6) + (-12)/(-18). Let l = 117 - w. Let d = l - 51. List the prime factors of d.
2, 5
Let h(n) = 5*n + 8. Let z be h(-6). Let r = -12 - z. Suppose 0 = 3*u, -4*a + 5*u + r = -42. What are the prime factors of a?
13
Let k = -5 - -7. Suppose -k*r = 2*c + 2*r - 128, 4*c = -3*r + 236. List the prime factors of c.
2, 7
Let q be (4 + 0/(-4))*12/(-16). Let b(u) = -3*u**3 - 3*u**2 - 5*u - 2. List the prime factors of b(q).
67
Let l(i) = i**3 - 5*i**2 + 4*i + 3. Let t be l(5). Suppose 2*c = 2*j + 138, 2*j - t = -3*c + 174. List the prime factors of c.
67
Suppose -4*q + 11478 = 3234. List the prime factors of q.
3, 229
Let t be (-35)/6 + (-15)/90. Let o(s) = 2*s + 22. List the prime factors of o(t).
2, 5
Let h be 9 + 3 + 0 + -6. Suppose -5*d = -h*d. Let a(k) = -k**2 - k + 31. What are the prime factors of a(d)?
31
Suppose 9*g + 2807 = -208. Let i = -178 - g. What are the prime factors of i?
157
Let t(g) = -3*g - 5. Suppose b = 4*u - 10, 2*b - 18 - 10 = -4*u. Let i(r) = -r. Let z be i(b). What are the prime factors of t(z)?
13
Let g(b) = 3*b**3 - 2*b**2 + 3*b + 22. Let p(u) = -7*u**3 + 5*u**2 - 7*u - 45. Let a(h) = 5*g(h) + 2*p(h). List the prime factors of a(0).
2, 5
Suppose 5*a - 11 = 4. Suppose 0 = -4*u - 7 + a. Let r = u - -6. List the prime factors of r.
5
Let c(o) = o**2 - 21*o - 5. Let d = 120 + -92. What are the prime factors of c(d)?
191
Suppose -3*p + 2 = -1, 3*j = -4*p + 1006. What are the prime factors of j?
2, 167
Let r = -4368 + 7667. What are the prime factors of r?
3299
Suppose -7*p + 2*p - 15 = 0. Let i = 5 + p. Suppose 11 + i = t. List the prime factors of t.
13
Let k(q) be the third derivative of q**4/12 - 7*q**